{"id":1062,"date":"2024-09-04T15:01:45","date_gmt":"2024-09-04T15:01:45","guid":{"rendered":"https:\/\/cosmetica.butterflyeffect.com.ar\/?post_type=product&#038;p=1062"},"modified":"2026-04-19T11:18:31","modified_gmt":"2026-04-19T11:18:31","slug":"be-perfume-jamal-oud-arabe-feromonas","status":"publish","type":"product","link":"https:\/\/cosmetica.butterflyeffect.com.ar\/index.php\/producto\/be-perfume-jamal-oud-arabe-feromonas\/","title":{"rendered":"BE | PERFUME Jamal Oud Arabe \u2013 Feromonas"},"content":{"rendered":"<p>Acordes principales:<\/p>\n<p>\u00c1mbar, c\u00edtrico, canela, amaderado, c\u00e1lido especiado, avainillado, atalcado, floral blanco, rosas, anim\u00e1lico<\/p>\n<p>OTRAS CARACTERISTICAS:<\/p>\n<p>Nota de Salida: Menta pimentada que deja una frescura vivificante, mandarina sangu\u00ednea que otorga una chispa ac\u00eddula y brillo a la salida.<\/p>\n<p>Nota de coraz\u00f3n: Canela, produce una faceta dulce y adictiva, y absoluto de rosa, le brinda el aspecto amaderado especiado.<\/p>\n<p>Nota de fondo: \u00c1mbar ketal, prolonga la estela d\u00e1ndole una sensaci\u00f3n de terciopelo, y acorde de cuero que transcribe el calor natural.<\/p>\n<p>CAPACIDAD: 60ML<\/p>\n<p>TIPO: EDT<\/p>\n<p>OTRAS CARACTER\u00cdSTICAS: AFRODIS\u00cdACO CON FEROMONAS<\/p>\n<p>&nbsp;<\/p>\n","protected":false},"excerpt":{"rendered":"<p><span style=\"color: #f3b3bc\"><strong>COMPRALO HOY HASTA 6 CUOTAS SIN INTER\u00c9S Y CON DESCUENTO DEL 15% EN EFECTIVO.<\/strong><\/span><\/p>\n<p><img decoding=\"async\" class=\"aligncenter\" src=\"https:\/\/lelodistribucion.com.ar\/wp-content\/uploads\/2021\/03\/Medios-de-Pago-300x100.jpg\" \/><\/p>\n<p>JAMAL OUD es una fragancia de la familia olfativa para Hombres, las Notas de Salida son cidra y jazm\u00edn; las Notas de Coraz\u00f3n son canela y rosa; las Notas de Fondo son \u00e1mbar, cedro, vainilla y almizcle.<\/p>\n","protected":false},"featured_media":1351,"comment_status":"open","ping_status":"closed","template":"","meta":[],"product_cat":[16,73],"product_tag":[],"class_list":{"0":"post-1062","1":"product","2":"type-product","3":"status-publish","4":"has-post-thumbnail","6":"product_cat-fragancias-para-el","7":"product_cat-perfumes-el","9":"entry","10":"has-media","12":"first","13":"instock","14":"shipping-taxable","15":"purchasable","16":"product-type-simple","17":"has-product-nav","18":"col","19":"span_1_of_4","20":"owp-content-center","21":"owp-thumbs-layout-horizontal","22":"owp-btn-normal","23":"owp-tabs-layout-horizontal"},"yoast_head":"<!-- This site is optimized with the Yoast SEO plugin v23.6 - https:\/\/yoast.com\/wordpress\/plugins\/seo\/ -->\n<title>BE | PERFUME Jamal Oud Arabe \u2013 Feromonas -<\/title>\n<meta name=\"description\" content=\"PERFUME FEROMONAS MEN ATTRACTION Fragancia para hombre con notas naturales y sensuales, llena de energ\u00eda y vitalidad. De esas fragancias que nunca pasan\" \/>\n<meta name=\"robots\" content=\"index, follow, max-snippet:-1, max-image-preview:large, max-video-preview:-1\" \/>\n<link rel=\"canonical\" href=\"https:\/\/cosmetica.butterflyeffect.com.ar\/index.php\/producto\/be-perfume-jamal-oud-arabe-feromonas\/\" \/>\n<meta property=\"og:locale\" content=\"es_ES\" \/>\n<meta property=\"og:type\" content=\"article\" \/>\n<meta property=\"og:title\" content=\"BE | PERFUME Jamal Oud Arabe \u2013 Feromonas -\" \/>\n<meta property=\"og:description\" content=\"PERFUME FEROMONAS MEN ATTRACTION Fragancia para hombre con notas naturales y sensuales, llena de energ\u00eda y vitalidad. De esas fragancias que nunca pasan\" \/>\n<meta property=\"og:url\" content=\"https:\/\/cosmetica.butterflyeffect.com.ar\/index.php\/producto\/be-perfume-jamal-oud-arabe-feromonas\/\" \/>\n<meta property=\"article:modified_time\" content=\"2026-04-19T11:18:31+00:00\" \/>\n<meta property=\"og:image\" content=\"https:\/\/cosmetica.butterflyeffect.com.ar\/wp-content\/uploads\/2024\/09\/JAMAL-OUD-5.jpg\" \/>\n\t<meta property=\"og:image:width\" content=\"2000\" \/>\n\t<meta property=\"og:image:height\" content=\"2000\" \/>\n\t<meta property=\"og:image:type\" content=\"image\/jpeg\" \/>\n<meta name=\"twitter:card\" content=\"summary_large_image\" \/>\n<meta name=\"twitter:label1\" content=\"Tiempo de lectura\" \/>\n\t<meta name=\"twitter:data1\" content=\"1 minuto\" \/>\n<script type=\"application\/ld+json\" class=\"yoast-schema-graph\">{\"@context\":\"https:\/\/schema.org\",\"@graph\":[{\"@type\":\"WebPage\",\"@id\":\"https:\/\/cosmetica.butterflyeffect.com.ar\/index.php\/producto\/be-perfume-jamal-oud-arabe-feromonas\/\",\"url\":\"https:\/\/cosmetica.butterflyeffect.com.ar\/index.php\/producto\/be-perfume-jamal-oud-arabe-feromonas\/\",\"name\":\"BE | PERFUME Jamal Oud Arabe \u2013 Feromonas -\",\"isPartOf\":{\"@id\":\"https:\/\/cosmetica.butterflyeffect.com.ar\/#website\"},\"primaryImageOfPage\":{\"@id\":\"https:\/\/cosmetica.butterflyeffect.com.ar\/index.php\/producto\/be-perfume-jamal-oud-arabe-feromonas\/#primaryimage\"},\"image\":{\"@id\":\"https:\/\/cosmetica.butterflyeffect.com.ar\/index.php\/producto\/be-perfume-jamal-oud-arabe-feromonas\/#primaryimage\"},\"thumbnailUrl\":\"https:\/\/cosmetica.butterflyeffect.com.ar\/wp-content\/uploads\/2024\/09\/JAMAL-OUD-5.jpg\",\"datePublished\":\"2024-09-04T15:01:45+00:00\",\"dateModified\":\"2026-04-19T11:18:31+00:00\",\"description\":\"PERFUME FEROMONAS MEN ATTRACTION Fragancia para hombre con notas naturales y sensuales, llena de energ\u00eda y vitalidad. De esas fragancias que nunca pasan\",\"breadcrumb\":{\"@id\":\"https:\/\/cosmetica.butterflyeffect.com.ar\/index.php\/producto\/be-perfume-jamal-oud-arabe-feromonas\/#breadcrumb\"},\"inLanguage\":\"es\",\"potentialAction\":[{\"@type\":\"ReadAction\",\"target\":[\"https:\/\/cosmetica.butterflyeffect.com.ar\/index.php\/producto\/be-perfume-jamal-oud-arabe-feromonas\/\"]}]},{\"@type\":\"ImageObject\",\"inLanguage\":\"es\",\"@id\":\"https:\/\/cosmetica.butterflyeffect.com.ar\/index.php\/producto\/be-perfume-jamal-oud-arabe-feromonas\/#primaryimage\",\"url\":\"https:\/\/cosmetica.butterflyeffect.com.ar\/wp-content\/uploads\/2024\/09\/JAMAL-OUD-5.jpg\",\"contentUrl\":\"https:\/\/cosmetica.butterflyeffect.com.ar\/wp-content\/uploads\/2024\/09\/JAMAL-OUD-5.jpg\",\"width\":2000,\"height\":2000},{\"@type\":\"BreadcrumbList\",\"@id\":\"https:\/\/cosmetica.butterflyeffect.com.ar\/index.php\/producto\/be-perfume-jamal-oud-arabe-feromonas\/#breadcrumb\",\"itemListElement\":[{\"@type\":\"ListItem\",\"position\":1,\"name\":\"Portada\",\"item\":\"https:\/\/cosmetica.butterflyeffect.com.ar\/\"},{\"@type\":\"ListItem\",\"position\":2,\"name\":\"Tienda\",\"item\":\"https:\/\/cosmetica.butterflyeffect.com.ar\/index.php\/tienda\/\"},{\"@type\":\"ListItem\",\"position\":3,\"name\":\"BE | PERFUME Jamal Oud Arabe \u2013 Feromonas\"}]},{\"@type\":\"WebSite\",\"@id\":\"https:\/\/cosmetica.butterflyeffect.com.ar\/#website\",\"url\":\"https:\/\/cosmetica.butterflyeffect.com.ar\/\",\"name\":\"Butterfly Effect\",\"description\":\"Premium Sex Tech Toys &amp; Cosmetica Intima\",\"publisher\":{\"@id\":\"https:\/\/cosmetica.butterflyeffect.com.ar\/#organization\"},\"potentialAction\":[{\"@type\":\"SearchAction\",\"target\":{\"@type\":\"EntryPoint\",\"urlTemplate\":\"https:\/\/cosmetica.butterflyeffect.com.ar\/?s={search_term_string}\"},\"query-input\":{\"@type\":\"PropertyValueSpecification\",\"valueRequired\":true,\"valueName\":\"search_term_string\"}}],\"inLanguage\":\"es\"},{\"@type\":\"Organization\",\"@id\":\"https:\/\/cosmetica.butterflyeffect.com.ar\/#organization\",\"name\":\"The Butterfly Effect\",\"url\":\"https:\/\/cosmetica.butterflyeffect.com.ar\/\",\"logo\":{\"@type\":\"ImageObject\",\"inLanguage\":\"es\",\"@id\":\"https:\/\/cosmetica.butterflyeffect.com.ar\/#\/schema\/logo\/image\/\",\"url\":\"https:\/\/cosmetica.butterflyeffect.com.ar\/wp-content\/uploads\/2023\/06\/cropped-LOGO-FINAL-BE-01.jpg\",\"contentUrl\":\"https:\/\/cosmetica.butterflyeffect.com.ar\/wp-content\/uploads\/2023\/06\/cropped-LOGO-FINAL-BE-01.jpg\",\"width\":766,\"height\":877,\"caption\":\"The Butterfly Effect\"},\"image\":{\"@id\":\"https:\/\/cosmetica.butterflyeffect.com.ar\/#\/schema\/logo\/image\/\"},\"sameAs\":[\"https:\/\/www.instagram.com\/butterflyeffect_ar\/\"]}]}<\/script>\n<!-- \/ Yoast SEO plugin. -->","yoast_head_json":{"title":"BE | PERFUME Jamal Oud Arabe \u2013 Feromonas -","description":"PERFUME FEROMONAS MEN ATTRACTION Fragancia para hombre con notas naturales y sensuales, llena de energ\u00eda y vitalidad. De esas fragancias que nunca pasan","robots":{"index":"index","follow":"follow","max-snippet":"max-snippet:-1","max-image-preview":"max-image-preview:large","max-video-preview":"max-video-preview:-1"},"canonical":"https:\/\/cosmetica.butterflyeffect.com.ar\/index.php\/producto\/be-perfume-jamal-oud-arabe-feromonas\/","og_locale":"es_ES","og_type":"article","og_title":"BE | PERFUME Jamal Oud Arabe \u2013 Feromonas -","og_description":"PERFUME FEROMONAS MEN ATTRACTION Fragancia para hombre con notas naturales y sensuales, llena de energ\u00eda y vitalidad. De esas fragancias que nunca pasan","og_url":"https:\/\/cosmetica.butterflyeffect.com.ar\/index.php\/producto\/be-perfume-jamal-oud-arabe-feromonas\/","article_modified_time":"2026-04-19T11:18:31+00:00","og_image":[{"width":2000,"height":2000,"url":"https:\/\/cosmetica.butterflyeffect.com.ar\/wp-content\/uploads\/2024\/09\/JAMAL-OUD-5.jpg","type":"image\/jpeg"}],"twitter_card":"summary_large_image","twitter_misc":{"Tiempo de lectura":"1 minuto"},"schema":{"@context":"https:\/\/schema.org","@graph":[{"@type":"WebPage","@id":"https:\/\/cosmetica.butterflyeffect.com.ar\/index.php\/producto\/be-perfume-jamal-oud-arabe-feromonas\/","url":"https:\/\/cosmetica.butterflyeffect.com.ar\/index.php\/producto\/be-perfume-jamal-oud-arabe-feromonas\/","name":"BE | PERFUME Jamal Oud Arabe \u2013 Feromonas -","isPartOf":{"@id":"https:\/\/cosmetica.butterflyeffect.com.ar\/#website"},"primaryImageOfPage":{"@id":"https:\/\/cosmetica.butterflyeffect.com.ar\/index.php\/producto\/be-perfume-jamal-oud-arabe-feromonas\/#primaryimage"},"image":{"@id":"https:\/\/cosmetica.butterflyeffect.com.ar\/index.php\/producto\/be-perfume-jamal-oud-arabe-feromonas\/#primaryimage"},"thumbnailUrl":"https:\/\/cosmetica.butterflyeffect.com.ar\/wp-content\/uploads\/2024\/09\/JAMAL-OUD-5.jpg","datePublished":"2024-09-04T15:01:45+00:00","dateModified":"2026-04-19T11:18:31+00:00","description":"PERFUME FEROMONAS MEN ATTRACTION Fragancia para hombre con notas naturales y sensuales, llena de energ\u00eda y vitalidad. De esas fragancias que nunca pasan","breadcrumb":{"@id":"https:\/\/cosmetica.butterflyeffect.com.ar\/index.php\/producto\/be-perfume-jamal-oud-arabe-feromonas\/#breadcrumb"},"inLanguage":"es","potentialAction":[{"@type":"ReadAction","target":["https:\/\/cosmetica.butterflyeffect.com.ar\/index.php\/producto\/be-perfume-jamal-oud-arabe-feromonas\/"]}]},{"@type":"ImageObject","inLanguage":"es","@id":"https:\/\/cosmetica.butterflyeffect.com.ar\/index.php\/producto\/be-perfume-jamal-oud-arabe-feromonas\/#primaryimage","url":"https:\/\/cosmetica.butterflyeffect.com.ar\/wp-content\/uploads\/2024\/09\/JAMAL-OUD-5.jpg","contentUrl":"https:\/\/cosmetica.butterflyeffect.com.ar\/wp-content\/uploads\/2024\/09\/JAMAL-OUD-5.jpg","width":2000,"height":2000},{"@type":"BreadcrumbList","@id":"https:\/\/cosmetica.butterflyeffect.com.ar\/index.php\/producto\/be-perfume-jamal-oud-arabe-feromonas\/#breadcrumb","itemListElement":[{"@type":"ListItem","position":1,"name":"Portada","item":"https:\/\/cosmetica.butterflyeffect.com.ar\/"},{"@type":"ListItem","position":2,"name":"Tienda","item":"https:\/\/cosmetica.butterflyeffect.com.ar\/index.php\/tienda\/"},{"@type":"ListItem","position":3,"name":"BE | PERFUME Jamal Oud Arabe \u2013 Feromonas"}]},{"@type":"WebSite","@id":"https:\/\/cosmetica.butterflyeffect.com.ar\/#website","url":"https:\/\/cosmetica.butterflyeffect.com.ar\/","name":"Butterfly Effect","description":"Premium Sex Tech Toys &amp; Cosmetica Intima","publisher":{"@id":"https:\/\/cosmetica.butterflyeffect.com.ar\/#organization"},"potentialAction":[{"@type":"SearchAction","target":{"@type":"EntryPoint","urlTemplate":"https:\/\/cosmetica.butterflyeffect.com.ar\/?s={search_term_string}"},"query-input":{"@type":"PropertyValueSpecification","valueRequired":true,"valueName":"search_term_string"}}],"inLanguage":"es"},{"@type":"Organization","@id":"https:\/\/cosmetica.butterflyeffect.com.ar\/#organization","name":"The Butterfly Effect","url":"https:\/\/cosmetica.butterflyeffect.com.ar\/","logo":{"@type":"ImageObject","inLanguage":"es","@id":"https:\/\/cosmetica.butterflyeffect.com.ar\/#\/schema\/logo\/image\/","url":"https:\/\/cosmetica.butterflyeffect.com.ar\/wp-content\/uploads\/2023\/06\/cropped-LOGO-FINAL-BE-01.jpg","contentUrl":"https:\/\/cosmetica.butterflyeffect.com.ar\/wp-content\/uploads\/2023\/06\/cropped-LOGO-FINAL-BE-01.jpg","width":766,"height":877,"caption":"The Butterfly Effect"},"image":{"@id":"https:\/\/cosmetica.butterflyeffect.com.ar\/#\/schema\/logo\/image\/"},"sameAs":["https:\/\/www.instagram.com\/butterflyeffect_ar\/"]}]}},"_links":{"self":[{"href":"https:\/\/cosmetica.butterflyeffect.com.ar\/index.php\/wp-json\/wp\/v2\/product\/1062"}],"collection":[{"href":"https:\/\/cosmetica.butterflyeffect.com.ar\/index.php\/wp-json\/wp\/v2\/product"}],"about":[{"href":"https:\/\/cosmetica.butterflyeffect.com.ar\/index.php\/wp-json\/wp\/v2\/types\/product"}],"replies":[{"embeddable":true,"href":"https:\/\/cosmetica.butterflyeffect.com.ar\/index.php\/wp-json\/wp\/v2\/comments?post=1062"}],"wp:featuredmedia":[{"embeddable":true,"href":"https:\/\/cosmetica.butterflyeffect.com.ar\/index.php\/wp-json\/wp\/v2\/media\/1351"}],"wp:attachment":[{"href":"https:\/\/cosmetica.butterflyeffect.com.ar\/index.php\/wp-json\/wp\/v2\/media?parent=1062"}],"wp:term":[{"taxonomy":"product_cat","embeddable":true,"href":"https:\/\/cosmetica.butterflyeffect.com.ar\/index.php\/wp-json\/wp\/v2\/product_cat?post=1062"},{"taxonomy":"product_tag","embeddable":true,"href":"https:\/\/cosmetica.butterflyeffect.com.ar\/index.php\/wp-json\/wp\/v2\/product_tag?post=1062"}],"curies":[{"name":"wp","href":"https:\/\/api.w.org\/{rel}","templated":true}]}}